{"id":11,"date":"2014-12-17T20:11:26","date_gmt":"2014-12-17T20:11:26","guid":{"rendered":"http:\/\/proni.hr\/?page_id=11"},"modified":"2021-12-20T14:22:04","modified_gmt":"2021-12-20T14:22:04","slug":"o-nama","status":"publish","type":"page","link":"https:\/\/proni.hr\/old.proni.hr\/o-nama\/","title":{"rendered":"O nama"},"content":{"rendered":"<div class=\"fusion-fullwidth fullwidth-box\" style=\"background-color:no;background-attachment:scroll;background-position:left top;background-repeat:no-repeat;-webkit-background-size:cover;-moz-background-size:cover;-o-background-size:cover;background-size:cover;border-color:#eae9e9;border-bottom-width: 0px;border-top-width: 0px;border-bottom-style: solid;border-top-style: solid;padding-bottom:0px;padding-left:0px;padding-right:0px;padding-top:0px;\"><div class=\"avada-row\">\n<div>\n<h1 style=\"text-align: center;\">Tko smo?<\/h1>\n<\/div>\n<div>\n<h1 style=\"text-align: center;\">\u0160to dugoro\u010dno \u017eelimo posti\u0107i?<\/h1>\n<\/div>\n\n<h2>Vizija:<\/h2>\n<p style=\"text-align: justify;\">PRONI Centar nastoji poticati suradnju i razumijevanje me\u0111u ljudima. PRONI Centar \u017eeli osposobiti mlade ljude u cilju preuzimanja odgovornosti za sebe i razvitak dru\u0161tva kojeg su dio, dru\u0161tva u kojem su njihove potrebe prepoznate i nailaze na odgovor na svim razinama. Cilj na\u0161e organizacije je pomo\u0107i mladima u pobolj\u0161anju kvalitete \u017eivljenja, pronala\u017eenju mogu\u0107nosti i osvje\u0161\u0107ivanju o postojanju izbora. \u017deljeli bismo vidjeti dru\u0161tvo u kojem mladi ljudi aktivno sudjeluju u procesima dono\u0161enja odluka koje ih se ti\u010du i na taj na\u010din preuzimaju odgovornost u procesu dru\u0161tvene promjene. \u017deljeli bismo da mladi ljudi budu savjesni, odgovorni, aktivni gra\u0111ani u svojim zajednicama koji doprinose razvoju demokracije i dru\u0161tva. Stoga poticanje sudjelovanja mladih ljudi i njihovo samo-osna\u017eivanje \u010dini okosnicu na\u0161eg rada.<\/p>\n<div class=\"fusion-sep-clear\"><\/div><div class=\"fusion-separator fusion-full-width-sep sep-none\" style=\"border-color:#e0dede;margin-top:30px;\"><\/div>\n<h2>Misija<\/h2>\n<p><img loading=\"lazy\" decoding=\"async\" class=\"alignright size-full wp-image-1190\" src=\"https:\/\/proni.hr\/old.proni.hr\/wp-content\/uploads\/2014\/12\/tkosmo1.jpg\" alt=\"tkosmo1\" width=\"342\" height=\"259\" srcset=\"https:\/\/proni.hr\/old.proni.hr\/wp-content\/uploads\/2014\/12\/tkosmo1.jpg 342w, https:\/\/proni.hr\/old.proni.hr\/wp-content\/uploads\/2014\/12\/tkosmo1-300x227.jpg 300w\" sizes=\"(max-width: 342px) 100vw, 342px\" \/><\/p>\n<p style=\"text-align: justify;\">PRONI Centar za socijalno podu\u010davanje je nevladina, neprofitna udruga gra\u0111ana osnovana 1998. godine kao pravni subjekt u RH. Posebnu pozornost u svom radu posve\u0107ujemo mladima, uva\u017eavaju\u0107i razli\u010ditosti etni\u010dkog podrijetla, vjere, kulture, spola i rase. PRONI Centar djeluje na podru\u010dju Hrvatske, s posebnim naglaskom na poslijeratna podru\u010dja gdje je osobito izra\u017eena potreba za dru\u0161tvenom rekonstrukcijom. U svom djelovanju PRONI Centar koristi iskustva i primjere pozitivnih praksi iz zemalja EU, te razvija suradnju i sa zemljama kojima iskustva iz RH mogu pomo\u0107i pri vlastitom dru\u0161tvenom razvoju. PRONI Centar radi s mladim ljudima, organizacijama civilnog dru\u0161tva i vladaju\u0107im strukturama koriste\u0107i cjeloviti razvojni pristup na podru\u010djima obrazovanja, rada s mladima i razvoja politika.<\/p>\n<p style=\"text-align: justify;\">Na\u0161 cilj je poduprijeti osobni razvoj mladog \u010dovjeka osna\u017euju\u0107i njegove individualne potencijale u prevladavanju pote\u0161ko\u0107a. Osobni razvoj vidimo kao temeljni alat mladog \u010dovjeka da se samouvjereno suo\u010di s izazovima prouzrokovanim te\u0161kom situacijom i uvjetima, te da preuzme odgovornost za svoj \u017eivot i razvoj dru\u0161tva kojeg je dio. Kroz na\u0161 rad s mladim ljudima te\u017eimo promoviranju dru\u0161tvenog razvoja na podru\u010djima pogo\u0111enim konfliktom i tranzicijom (konkretno, na podru\u010djima \u017eupanija osje\u010dko-baranjske, vukovarsko-srijemske, sisa\u010dko-moslava\u010dke, \u0161ibensko-kninske, zadarske) te na taj na\u010din doprinosimo razvoju dru\u0161tva u cjelini.<\/p>\nCiljeve ostvarujemo podupiruju\u0107i okolinu kroz:<ul class=\"fusion-checklist\"><li class=\"fusion-li-item size-small\"><span class=\"icon-wrapper circle-no\"><i class=\"fusion-li-icon fa fa-check\" style=\"color:#1d5e1e;\"><\/i><\/span><div class=\"fusion-li-item-content\">zagovaranje afirmativne politike prema mladima i njoj pripadaju\u0107ih struktura javnog sektora<\/div><\/li><li class=\"fusion-li-item size-small\"><span class=\"icon-wrapper circle-no\"><i class=\"fusion-li-icon fa fa-check\" style=\"color:#1d5e1e;\"><\/i><\/span><div class=\"fusion-li-item-content\">zagovaranje, stvaranje i provo\u0111enje programa djelovanja za mlade na svim razinama i promociju kvalificiranog kadra za rad s mladima<\/div><\/li><li class=\"fusion-li-item size-small\"><span class=\"icon-wrapper circle-no\"><i class=\"fusion-li-icon fa fa-check\" style=\"color:#1d5e1e;\"><\/i><\/span><div class=\"fusion-li-item-content\">organiziranje kvalitetnih obrazovnih programa, uklju\u010duju\u0107i dvogodi\u0161nji sveu\u010dili\u0161ni program za Voditelje rada s mladima i rada u zajednici<\/div><\/li><li class=\"fusion-li-item size-small\"><span class=\"icon-wrapper circle-no\"><i class=\"fusion-li-icon fa fa-check\" style=\"color:#1d5e1e;\"><\/i><\/span><div class=\"fusion-li-item-content\">provo\u0111enje i dodatno razvijanje modela dru\u0161tvenog rada s mladima temeljen na neformalnom i socijalnom obrazovanju<\/div><\/li><li class=\"fusion-li-item size-small\"><span class=\"icon-wrapper circle-no\"><i class=\"fusion-li-icon fa fa-check\" style=\"color:#1d5e1e;\"><\/i><\/span><div class=\"fusion-li-item-content\">promicanje cjelovitog dru\u0161tvenog razvoja, pru\u017eanjem potpore organizacijama civilnog dru\u0161tva, osna\u017eivanjem pojedinaca i ciljanih skupina aktivnih u svojim zajednicama, poticanjem ne-aktivnih skupina gra\u0111ana na uklju\u010denje u razvoj<\/div><\/li><\/ul>\n<p style=\"text-align: justify;\">Razvoj partnerstava i njegovanje suradnje s razli\u010ditim su-dionicima (udruge mladih, druge organizacije civilnog dru\u0161tva, lokalne, regionalne i nacionalne vlasti, javne institucije, poslovni subjekti) predstavljaju temelj tog procesa i na\u010din postizanja na\u0161ih ciljeva.<\/p>\n<p style=\"text-align: justify;\">Na\u0161 pristup po\u010diva na metodama socijalnog podu\u010davanja i rada s mladima, te na\u010delima organizacije koja u\u010di.<\/p>\n<p style=\"text-align: justify;\">Vrijednosti na kojima se temelji na\u0161 rad:<\/p>\n<ul class=\"fusion-checklist\"><li class=\"fusion-li-item size-small\"><span class=\"icon-wrapper circle-no\"><i class=\"fusion-li-icon fa fa-check\" style=\"color:#1d5e1e;\"><\/i><\/span><div class=\"fusion-li-item-content\">uva\u017eavanje vrijednosti, mi\u0161ljenja i iskustva svakog pojedinca<\/div><\/li><li class=\"fusion-li-item size-small\"><span class=\"icon-wrapper circle-no\"><i class=\"fusion-li-icon fa fa-check\" style=\"color:#1d5e1e;\"><\/i><\/span><div class=\"fusion-li-item-content\">prava i odgovornosti<\/div><\/li><li class=\"fusion-li-item size-small\"><span class=\"icon-wrapper circle-no\"><i class=\"fusion-li-icon fa fa-check\" style=\"color:#1d5e1e;\"><\/i><\/span><div class=\"fusion-li-item-content\">izazov njegovanja daljnjeg osobnog i profesionalnog razvoja<\/div><\/li><li class=\"fusion-li-item size-small\"><span class=\"icon-wrapper circle-no\"><i class=\"fusion-li-icon fa fa-check\" style=\"color:#1d5e1e;\"><\/i><\/span><div class=\"fusion-li-item-content\">izgradnja i po\u0161tivanje me\u0111usobnih odnosa<\/div><\/li><li class=\"fusion-li-item size-small\"><span class=\"icon-wrapper circle-no\"><i class=\"fusion-li-icon fa fa-check\" style=\"color:#1d5e1e;\"><\/i><\/span><div class=\"fusion-li-item-content\">izra\u017eavanje osje\u0107aja, vjerovanja i mi\u0161ljenja<\/div><\/li><li class=\"fusion-li-item size-small\"><span class=\"icon-wrapper circle-no\"><i class=\"fusion-li-icon fa fa-check\" style=\"color:#1d5e1e;\"><\/i><\/span><div class=\"fusion-li-item-content\">suradnja i osna\u017eivanje<\/div><\/li><li class=\"fusion-li-item size-small\"><span class=\"icon-wrapper circle-no\"><i class=\"fusion-li-icon fa fa-check\" style=\"color:#1d5e1e;\"><\/i><\/span><div class=\"fusion-li-item-content\">iskrenost, otvorenost i transparentnost<\/div><\/li><li class=\"fusion-li-item size-small\"><span class=\"icon-wrapper circle-no\"><i class=\"fusion-li-icon fa fa-check\" style=\"color:#1d5e1e;\"><\/i><\/span><div class=\"fusion-li-item-content\">me\u0111usobno povjerenje i potpora<\/div><\/li><\/ul><div class=\"fusion-sep-clear\"><\/div><div class=\"fusion-separator fusion-full-width-sep sep-none\" style=\"border-color:#e0dede;margin-top:50px;\"><\/div><img loading=\"lazy\" decoding=\"async\" class=\"alignleft size-full wp-image-1194\" src=\"https:\/\/proni.hr\/old.proni.hr\/wp-content\/uploads\/2014\/12\/tkosmo2.jpg\" alt=\"tkosmo2\" width=\"333\" height=\"260\" srcset=\"https:\/\/proni.hr\/old.proni.hr\/wp-content\/uploads\/2014\/12\/tkosmo2.jpg 333w, https:\/\/proni.hr\/old.proni.hr\/wp-content\/uploads\/2014\/12\/tkosmo2-300x234.jpg 300w\" sizes=\"(max-width: 333px) 100vw, 333px\" \/><\/p>\n<h2>\u0160to radimo?<\/h2>\n<p style=\"text-align: justify;\">PRONI ve\u0107 niz godina organizira dvogodi\u0161nji sveu\u010dili\u0161ni te\u010daj za one koji \u017eele postati voditelji grupa mladih i razli\u010ditih projekata, te na taj na\u010din \u017eele aktivno, stru\u010dno i organizirano pomagati mladima u svojoj sredini. U pro\u0161losti smo radili na stvaranju mre\u017ee Klubova mladih koji \u010dine dio baze u kreiranju nacionalne platforme za mlade, klubovi su se u me\u0111uvremenu osamostalili, a mi im i dalje poku\u0161avamo pomo\u0107i na sve mogu\u0107e na\u010dine kako bi u budu\u0107nosti postali sna\u017ene udruge za mlade koji \u0107e okupiti jo\u0161 vi\u0161e mladih u sredinama u kojima djeluju.<\/p>\n<div class=\"fusion-sep-clear\"><\/div><div class=\"fusion-separator fusion-full-width-sep sep-none\" style=\"border-color:#e0dede;margin-top:px;margin-bottom:50px;\"><\/div>\n<h2>Povijest PRONI-ja<\/h2>\n<p style=\"text-align: justify;\"><img loading=\"lazy\" decoding=\"async\" class=\"alignright size-full wp-image-1195\" src=\"https:\/\/proni.hr\/old.proni.hr\/wp-content\/uploads\/2014\/12\/tkosmo3.jpg\" alt=\"tkosmo3\" width=\"332\" height=\"259\" srcset=\"https:\/\/proni.hr\/old.proni.hr\/wp-content\/uploads\/2014\/12\/tkosmo3.jpg 332w, https:\/\/proni.hr\/old.proni.hr\/wp-content\/uploads\/2014\/12\/tkosmo3-300x234.jpg 300w\" sizes=\"(max-width: 332px) 100vw, 332px\" \/>PRONI Centar je zapoceo sa svojim radom 1997 godine kao pilot pilot projekt na inicijativu \u0160vedskog sveu\u010dili\u0161ta u J\u00f6nk\u00f6pingu. U taj projekt bilo je uklju\u010deno 10 studenata iz Vukovara i 10 studenata iz Osijeka. Osnovni ciljevi pilot projekta bili su pomirenje te osposobljavanje studenata za voditelje rada s mladima. Tako\u0111er su organizirane mirovne aktivnosti na temelju iskustava iz Sjeverne Irske. To su ujedno bili i prvi koraci ka izgradnji povjerenja (UNTAES Regija &#8211; Osijek). Projekt je bio financiran od strane SIDA-e (Swedish International Development Agency) koja je tako\u0111er bila i pokrovitelj zajedni\u010dkih dru\u017eenja-predavanja u Ma\u0111arskoj i \u0160vedskoj. Nakon uspje\u0161no zavr\u0161enog pilot projekta polaznici su dobili potvrdu Sveu\u010dili\u0161ta u J\u00f6nk\u00f6pingu, priznatu u zemljama Europske Unije. Zbog velikog interesa za ovaj na\u010din obrazovanja po zapadnim uzorima, PRONI je pro\u0161irio svoje aktivnosti na \u017eupanije osje\u010dko &#8211; baranjsku i vukovarsko &#8211; srijemsku uklju\u010duju\u0107i po 50 studenata iz obje \u017eupanije.<br \/>\nPRONI je slu\u017ebeno kao udruga sa sjedi\u0161tem Osijeku u Hrvatskoj registriran 25.03.1998. godine.<\/p>\n<p style=\"text-align: justify;\">Kroz sljede\u0107e godine djelovanja nastavili smo sa neformalnim obrazovanjem mladih, a od 1999. godine po\u010deli smo i sa osnivanjem klubova za mlade u Slavoniji i Baranji, a kasnije i u Zapadnoj Hrvatskoj. Iste godine zapo\u010deli smo i s projektom &#8220;Zajedno ja\u010di&#8221;. Osim ovih ve\u0107ih projekata tijekom godina imali smo i niz manjih projekata, treninga i seminara.<\/p>\n<\/div><\/div><div class=\"alignleft\"><style type=\"text\/css\">#wrapper .fusion-button.button-1{text-shadow:none;-webkit-box-shadow:none;-moz-box-shadow:none;box-shadow: none;border-width:1px;color:#ffffff;border-color:#ffffff;}#wrapper .fusion-button.button-1:hover,.fusion-button.button-1:focus,.fusion-button.button-1:active{border-width:1px;border-color:#ffffff;color:#ffffff;}#wrapper .fusion-button.button-1{background: #a41183;}#wrapper .fusion-button.button-1:hover,.button-1:focus,.fusion-button.button-1:active{background: #a41183;}<\/style><a class=\"button large button default fusion-button button-flat button-round button-large button-default button-1 buttonshadow-no\" target=\"_blank\" href=\"https:\/\/proni.hr\/old.proni.hr\/wp-content\/uploads\/2021\/02\/Statut-2020.pdf\"><span class=\"fusion-button-text\">Preuzmite na\u0161 statut<\/span><\/a><\/div><div class=\"alignright\"><style type=\"text\/css\">#wrapper .fusion-button.button-2{text-shadow:none;-webkit-box-shadow:none;-moz-box-shadow:none;box-shadow: none;border-width:1px;color:#ffffff;border-color:#ffffff;}#wrapper .fusion-button.button-2:hover,.fusion-button.button-2:focus,.fusion-button.button-2:active{border-width:1px;border-color:#ffffff;color:#ffffff;}#wrapper .fusion-button.button-2{background: #a41183;}#wrapper .fusion-button.button-2:hover,.button-2:focus,.fusion-button.button-2:active{background: #a41183;}<\/style><a class=\"button large button default fusion-button button-flat button-round button-large button-default button-2 buttonshadow-no\" target=\"_self\" href=\"https:\/\/proni.hr\/old.proni.hr\/godisnja-izvjesca\/\"><span class=\"fusion-button-text\">Preuzmite na\u0161a godi\u0161nja izvje\u0161\u0107a i planove <\/span><\/a><\/div>\n","protected":false},"excerpt":{"rendered":"","protected":false},"author":5,"featured_media":0,"parent":0,"menu_order":0,"comment_status":"open","ping_status":"open","template":"","meta":{"footnotes":""},"_links":{"self":[{"href":"https:\/\/proni.hr\/old.proni.hr\/wp-json\/wp\/v2\/pages\/11"}],"collection":[{"href":"https:\/\/proni.hr\/old.proni.hr\/wp-json\/wp\/v2\/pages"}],"about":[{"href":"https:\/\/proni.hr\/old.proni.hr\/wp-json\/wp\/v2\/types\/page"}],"author":[{"embeddable":true,"href":"https:\/\/proni.hr\/old.proni.hr\/wp-json\/wp\/v2\/users\/5"}],"replies":[{"embeddable":true,"href":"https:\/\/proni.hr\/old.proni.hr\/wp-json\/wp\/v2\/comments?post=11"}],"version-history":[{"count":9,"href":"https:\/\/proni.hr\/old.proni.hr\/wp-json\/wp\/v2\/pages\/11\/revisions"}],"predecessor-version":[{"id":6723,"href":"https:\/\/proni.hr\/old.proni.hr\/wp-json\/wp\/v2\/pages\/11\/revisions\/6723"}],"wp:attachment":[{"href":"https:\/\/proni.hr\/old.proni.hr\/wp-json\/wp\/v2\/media?parent=11"}],"curies":[{"name":"wp","href":"https:\/\/api.w.org\/{rel}","templated":true}]}}