{"id":1498,"date":"2015-02-09T10:06:19","date_gmt":"2015-02-09T10:06:19","guid":{"rendered":"http:\/\/proni.hr\/?page_id=1498"},"modified":"2015-02-10T08:51:56","modified_gmt":"2015-02-10T08:51:56","slug":"mala-skola-zivotnih-vjestina","status":"publish","type":"page","link":"https:\/\/proni.hr\/old.proni.hr\/mala-skola-zivotnih-vjestina\/","title":{"rendered":"Mala \u0161kola \u017eivotnih vje\u0161tina"},"content":{"rendered":"\n\t\t<style type=\"text\/css\">\n\t\t\t#gallery-1 {\n\t\t\t\tmargin: auto;\n\t\t\t}\n\t\t\t#gallery-1 .gallery-item {\n\t\t\t\tfloat: left;\n\t\t\t\tmargin-top: 10px;\n\t\t\t\ttext-align: center;\n\t\t\t\twidth: 33%;\n\t\t\t}\n\t\t\t#gallery-1 img {\n\t\t\t\tborder: 2px solid #cfcfcf;\n\t\t\t}\n\t\t\t#gallery-1 .gallery-caption {\n\t\t\t\tmargin-left: 0;\n\t\t\t}\n\t\t\t\/* see gallery_shortcode() in wp-includes\/media.php *\/\n\t\t<\/style>\n\t\t<div id='gallery-1' class='gallery galleryid-1498 gallery-columns-3 gallery-size-medium'><dl class='gallery-item'>\n\t\t\t<dt class='gallery-icon landscape'>\n\t\t\t\t<a rel=\"prettyPhoto[postimages]\" href='https:\/\/proni.hr\/old.proni.hr\/wp-content\/uploads\/2015\/02\/1225458063_mala_skola_001.jpg'><img loading=\"lazy\" decoding=\"async\" width=\"300\" height=\"225\" src=\"https:\/\/proni.hr\/old.proni.hr\/wp-content\/uploads\/2015\/02\/1225458063_mala_skola_001-300x225.jpg\" class=\"attachment-medium size-medium\" alt=\"\" srcset=\"https:\/\/proni.hr\/old.proni.hr\/wp-content\/uploads\/2015\/02\/1225458063_mala_skola_001-300x225.jpg 300w, https:\/\/proni.hr\/old.proni.hr\/wp-content\/uploads\/2015\/02\/1225458063_mala_skola_001.jpg 640w\" sizes=\"(max-width: 300px) 100vw, 300px\" \/><\/a>\n\t\t\t<\/dt><\/dl><dl class='gallery-item'>\n\t\t\t<dt class='gallery-icon landscape'>\n\t\t\t\t<a rel=\"prettyPhoto[postimages]\" href='https:\/\/proni.hr\/old.proni.hr\/wp-content\/uploads\/2015\/02\/1225458063_mala_skola_002.jpg'><img loading=\"lazy\" decoding=\"async\" width=\"300\" height=\"225\" src=\"https:\/\/proni.hr\/old.proni.hr\/wp-content\/uploads\/2015\/02\/1225458063_mala_skola_002-300x225.jpg\" class=\"attachment-medium size-medium\" alt=\"\" srcset=\"https:\/\/proni.hr\/old.proni.hr\/wp-content\/uploads\/2015\/02\/1225458063_mala_skola_002-300x225.jpg 300w, https:\/\/proni.hr\/old.proni.hr\/wp-content\/uploads\/2015\/02\/1225458063_mala_skola_002.jpg 640w\" sizes=\"(max-width: 300px) 100vw, 300px\" \/><\/a>\n\t\t\t<\/dt><\/dl><dl class='gallery-item'>\n\t\t\t<dt class='gallery-icon landscape'>\n\t\t\t\t<a rel=\"prettyPhoto[postimages]\" href='https:\/\/proni.hr\/old.proni.hr\/wp-content\/uploads\/2015\/02\/1225458063_mala_skola_003.jpg'><img loading=\"lazy\" decoding=\"async\" width=\"300\" height=\"225\" src=\"https:\/\/proni.hr\/old.proni.hr\/wp-content\/uploads\/2015\/02\/1225458063_mala_skola_003-300x225.jpg\" class=\"attachment-medium size-medium\" alt=\"\" srcset=\"https:\/\/proni.hr\/old.proni.hr\/wp-content\/uploads\/2015\/02\/1225458063_mala_skola_003-300x225.jpg 300w, https:\/\/proni.hr\/old.proni.hr\/wp-content\/uploads\/2015\/02\/1225458063_mala_skola_003.jpg 640w\" sizes=\"(max-width: 300px) 100vw, 300px\" \/><\/a>\n\t\t\t<\/dt><\/dl><br style=\"clear: both\" \/><dl class='gallery-item'>\n\t\t\t<dt class='gallery-icon landscape'>\n\t\t\t\t<a rel=\"prettyPhoto[postimages]\" href='https:\/\/proni.hr\/old.proni.hr\/wp-content\/uploads\/2015\/02\/1225458063_mala_skola_004.jpg'><img loading=\"lazy\" decoding=\"async\" width=\"300\" height=\"225\" src=\"https:\/\/proni.hr\/old.proni.hr\/wp-content\/uploads\/2015\/02\/1225458063_mala_skola_004-300x225.jpg\" class=\"attachment-medium size-medium\" alt=\"\" srcset=\"https:\/\/proni.hr\/old.proni.hr\/wp-content\/uploads\/2015\/02\/1225458063_mala_skola_004-300x225.jpg 300w, https:\/\/proni.hr\/old.proni.hr\/wp-content\/uploads\/2015\/02\/1225458063_mala_skola_004.jpg 640w\" sizes=\"(max-width: 300px) 100vw, 300px\" \/><\/a>\n\t\t\t<\/dt><\/dl><dl class='gallery-item'>\n\t\t\t<dt class='gallery-icon landscape'>\n\t\t\t\t<a rel=\"prettyPhoto[postimages]\" href='https:\/\/proni.hr\/old.proni.hr\/wp-content\/uploads\/2015\/02\/1225458064_mala_skola_005.jpg'><img loading=\"lazy\" decoding=\"async\" width=\"300\" height=\"225\" src=\"https:\/\/proni.hr\/old.proni.hr\/wp-content\/uploads\/2015\/02\/1225458064_mala_skola_005-300x225.jpg\" class=\"attachment-medium size-medium\" alt=\"\" srcset=\"https:\/\/proni.hr\/old.proni.hr\/wp-content\/uploads\/2015\/02\/1225458064_mala_skola_005-300x225.jpg 300w, https:\/\/proni.hr\/old.proni.hr\/wp-content\/uploads\/2015\/02\/1225458064_mala_skola_005.jpg 640w\" sizes=\"(max-width: 300px) 100vw, 300px\" \/><\/a>\n\t\t\t<\/dt><\/dl><dl class='gallery-item'>\n\t\t\t<dt class='gallery-icon landscape'>\n\t\t\t\t<a rel=\"prettyPhoto[postimages]\" href='https:\/\/proni.hr\/old.proni.hr\/wp-content\/uploads\/2015\/02\/1225458064_mala_skola_006.jpg'><img loading=\"lazy\" decoding=\"async\" width=\"300\" height=\"225\" src=\"https:\/\/proni.hr\/old.proni.hr\/wp-content\/uploads\/2015\/02\/1225458064_mala_skola_006-300x225.jpg\" class=\"attachment-medium size-medium\" alt=\"\" srcset=\"https:\/\/proni.hr\/old.proni.hr\/wp-content\/uploads\/2015\/02\/1225458064_mala_skola_006-300x225.jpg 300w, https:\/\/proni.hr\/old.proni.hr\/wp-content\/uploads\/2015\/02\/1225458064_mala_skola_006.jpg 640w\" sizes=\"(max-width: 300px) 100vw, 300px\" \/><\/a>\n\t\t\t<\/dt><\/dl><br style=\"clear: both\" \/><dl class='gallery-item'>\n\t\t\t<dt class='gallery-icon landscape'>\n\t\t\t\t<a rel=\"prettyPhoto[postimages]\" href='https:\/\/proni.hr\/old.proni.hr\/wp-content\/uploads\/2015\/02\/1225458064_mala_skola_007.jpg'><img loading=\"lazy\" decoding=\"async\" width=\"300\" height=\"225\" src=\"https:\/\/proni.hr\/old.proni.hr\/wp-content\/uploads\/2015\/02\/1225458064_mala_skola_007-300x225.jpg\" class=\"attachment-medium size-medium\" alt=\"\" srcset=\"https:\/\/proni.hr\/old.proni.hr\/wp-content\/uploads\/2015\/02\/1225458064_mala_skola_007-300x225.jpg 300w, https:\/\/proni.hr\/old.proni.hr\/wp-content\/uploads\/2015\/02\/1225458064_mala_skola_007.jpg 640w\" sizes=\"(max-width: 300px) 100vw, 300px\" \/><\/a>\n\t\t\t<\/dt><\/dl><dl class='gallery-item'>\n\t\t\t<dt class='gallery-icon landscape'>\n\t\t\t\t<a rel=\"prettyPhoto[postimages]\" href='https:\/\/proni.hr\/old.proni.hr\/wp-content\/uploads\/2015\/02\/1225458065_mala_skola_008.jpg'><img loading=\"lazy\" decoding=\"async\" width=\"300\" height=\"225\" src=\"https:\/\/proni.hr\/old.proni.hr\/wp-content\/uploads\/2015\/02\/1225458065_mala_skola_008-300x225.jpg\" class=\"attachment-medium size-medium\" alt=\"\" srcset=\"https:\/\/proni.hr\/old.proni.hr\/wp-content\/uploads\/2015\/02\/1225458065_mala_skola_008-300x225.jpg 300w, https:\/\/proni.hr\/old.proni.hr\/wp-content\/uploads\/2015\/02\/1225458065_mala_skola_008.jpg 640w\" sizes=\"(max-width: 300px) 100vw, 300px\" \/><\/a>\n\t\t\t<\/dt><\/dl><dl class='gallery-item'>\n\t\t\t<dt class='gallery-icon landscape'>\n\t\t\t\t<a rel=\"prettyPhoto[postimages]\" href='https:\/\/proni.hr\/old.proni.hr\/wp-content\/uploads\/2015\/02\/1225458065_mala_skola_010.jpg'><img loading=\"lazy\" decoding=\"async\" width=\"300\" height=\"225\" src=\"https:\/\/proni.hr\/old.proni.hr\/wp-content\/uploads\/2015\/02\/1225458065_mala_skola_010-300x225.jpg\" class=\"attachment-medium size-medium\" alt=\"\" srcset=\"https:\/\/proni.hr\/old.proni.hr\/wp-content\/uploads\/2015\/02\/1225458065_mala_skola_010-300x225.jpg 300w, https:\/\/proni.hr\/old.proni.hr\/wp-content\/uploads\/2015\/02\/1225458065_mala_skola_010.jpg 640w\" sizes=\"(max-width: 300px) 100vw, 300px\" \/><\/a>\n\t\t\t<\/dt><\/dl><br style=\"clear: both\" \/><dl class='gallery-item'>\n\t\t\t<dt class='gallery-icon landscape'>\n\t\t\t\t<a rel=\"prettyPhoto[postimages]\" href='https:\/\/proni.hr\/old.proni.hr\/wp-content\/uploads\/2015\/02\/1225458065_mala_skola_012.jpg'><img loading=\"lazy\" decoding=\"async\" width=\"300\" height=\"225\" src=\"https:\/\/proni.hr\/old.proni.hr\/wp-content\/uploads\/2015\/02\/1225458065_mala_skola_012-300x225.jpg\" class=\"attachment-medium size-medium\" alt=\"\" srcset=\"https:\/\/proni.hr\/old.proni.hr\/wp-content\/uploads\/2015\/02\/1225458065_mala_skola_012-300x225.jpg 300w, https:\/\/proni.hr\/old.proni.hr\/wp-content\/uploads\/2015\/02\/1225458065_mala_skola_012.jpg 640w\" sizes=\"(max-width: 300px) 100vw, 300px\" \/><\/a>\n\t\t\t<\/dt><\/dl><dl class='gallery-item'>\n\t\t\t<dt class='gallery-icon landscape'>\n\t\t\t\t<a rel=\"prettyPhoto[postimages]\" href='https:\/\/proni.hr\/old.proni.hr\/wp-content\/uploads\/2015\/02\/1225458066_mala_skola_013.jpg'><img loading=\"lazy\" decoding=\"async\" width=\"300\" height=\"225\" src=\"https:\/\/proni.hr\/old.proni.hr\/wp-content\/uploads\/2015\/02\/1225458066_mala_skola_013-300x225.jpg\" class=\"attachment-medium size-medium\" alt=\"\" srcset=\"https:\/\/proni.hr\/old.proni.hr\/wp-content\/uploads\/2015\/02\/1225458066_mala_skola_013-300x225.jpg 300w, https:\/\/proni.hr\/old.proni.hr\/wp-content\/uploads\/2015\/02\/1225458066_mala_skola_013.jpg 640w\" sizes=\"(max-width: 300px) 100vw, 300px\" \/><\/a>\n\t\t\t<\/dt><\/dl><dl class='gallery-item'>\n\t\t\t<dt class='gallery-icon landscape'>\n\t\t\t\t<a rel=\"prettyPhoto[postimages]\" href='https:\/\/proni.hr\/old.proni.hr\/wp-content\/uploads\/2015\/02\/1225458066_mala_skola_014.jpg'><img loading=\"lazy\" decoding=\"async\" width=\"300\" height=\"225\" src=\"https:\/\/proni.hr\/old.proni.hr\/wp-content\/uploads\/2015\/02\/1225458066_mala_skola_014-300x225.jpg\" class=\"attachment-medium size-medium\" alt=\"\" srcset=\"https:\/\/proni.hr\/old.proni.hr\/wp-content\/uploads\/2015\/02\/1225458066_mala_skola_014-300x225.jpg 300w, https:\/\/proni.hr\/old.proni.hr\/wp-content\/uploads\/2015\/02\/1225458066_mala_skola_014.jpg 640w\" sizes=\"(max-width: 300px) 100vw, 300px\" \/><\/a>\n\t\t\t<\/dt><\/dl><br style=\"clear: both\" \/><dl class='gallery-item'>\n\t\t\t<dt class='gallery-icon landscape'>\n\t\t\t\t<a rel=\"prettyPhoto[postimages]\" href='https:\/\/proni.hr\/old.proni.hr\/wp-content\/uploads\/2015\/02\/1225458066_mala_skola_015.jpg'><img loading=\"lazy\" decoding=\"async\" width=\"300\" height=\"225\" src=\"https:\/\/proni.hr\/old.proni.hr\/wp-content\/uploads\/2015\/02\/1225458066_mala_skola_015-300x225.jpg\" class=\"attachment-medium size-medium\" alt=\"\" srcset=\"https:\/\/proni.hr\/old.proni.hr\/wp-content\/uploads\/2015\/02\/1225458066_mala_skola_015-300x225.jpg 300w, https:\/\/proni.hr\/old.proni.hr\/wp-content\/uploads\/2015\/02\/1225458066_mala_skola_015.jpg 640w\" sizes=\"(max-width: 300px) 100vw, 300px\" \/><\/a>\n\t\t\t<\/dt><\/dl><dl class='gallery-item'>\n\t\t\t<dt class='gallery-icon landscape'>\n\t\t\t\t<a rel=\"prettyPhoto[postimages]\" href='https:\/\/proni.hr\/old.proni.hr\/wp-content\/uploads\/2015\/02\/1225458067_mala_skola_016.jpg'><img loading=\"lazy\" decoding=\"async\" width=\"300\" height=\"225\" src=\"https:\/\/proni.hr\/old.proni.hr\/wp-content\/uploads\/2015\/02\/1225458067_mala_skola_016-300x225.jpg\" class=\"attachment-medium size-medium\" alt=\"\" srcset=\"https:\/\/proni.hr\/old.proni.hr\/wp-content\/uploads\/2015\/02\/1225458067_mala_skola_016-300x225.jpg 300w, https:\/\/proni.hr\/old.proni.hr\/wp-content\/uploads\/2015\/02\/1225458067_mala_skola_016.jpg 640w\" sizes=\"(max-width: 300px) 100vw, 300px\" \/><\/a>\n\t\t\t<\/dt><\/dl><dl class='gallery-item'>\n\t\t\t<dt class='gallery-icon landscape'>\n\t\t\t\t<a rel=\"prettyPhoto[postimages]\" href='https:\/\/proni.hr\/old.proni.hr\/wp-content\/uploads\/2015\/02\/1225458067_mala_skola_017.jpg'><img loading=\"lazy\" decoding=\"async\" width=\"300\" height=\"225\" src=\"https:\/\/proni.hr\/old.proni.hr\/wp-content\/uploads\/2015\/02\/1225458067_mala_skola_017-300x225.jpg\" class=\"attachment-medium size-medium\" alt=\"\" srcset=\"https:\/\/proni.hr\/old.proni.hr\/wp-content\/uploads\/2015\/02\/1225458067_mala_skola_017-300x225.jpg 300w, https:\/\/proni.hr\/old.proni.hr\/wp-content\/uploads\/2015\/02\/1225458067_mala_skola_017.jpg 640w\" sizes=\"(max-width: 300px) 100vw, 300px\" \/><\/a>\n\t\t\t<\/dt><\/dl><br style=\"clear: both\" \/><dl class='gallery-item'>\n\t\t\t<dt class='gallery-icon landscape'>\n\t\t\t\t<a rel=\"prettyPhoto[postimages]\" href='https:\/\/proni.hr\/old.proni.hr\/wp-content\/uploads\/2015\/02\/1225458068_mala_skola_018.jpg'><img loading=\"lazy\" decoding=\"async\" width=\"300\" height=\"225\" src=\"https:\/\/proni.hr\/old.proni.hr\/wp-content\/uploads\/2015\/02\/1225458068_mala_skola_018-300x225.jpg\" class=\"attachment-medium size-medium\" alt=\"\" srcset=\"https:\/\/proni.hr\/old.proni.hr\/wp-content\/uploads\/2015\/02\/1225458068_mala_skola_018-300x225.jpg 300w, https:\/\/proni.hr\/old.proni.hr\/wp-content\/uploads\/2015\/02\/1225458068_mala_skola_018.jpg 640w\" sizes=\"(max-width: 300px) 100vw, 300px\" \/><\/a>\n\t\t\t<\/dt><\/dl><dl class='gallery-item'>\n\t\t\t<dt class='gallery-icon landscape'>\n\t\t\t\t<a rel=\"prettyPhoto[postimages]\" href='https:\/\/proni.hr\/old.proni.hr\/wp-content\/uploads\/2015\/02\/1225458068_mala_skola_019.jpg'><img loading=\"lazy\" decoding=\"async\" width=\"300\" height=\"225\" src=\"https:\/\/proni.hr\/old.proni.hr\/wp-content\/uploads\/2015\/02\/1225458068_mala_skola_019-300x225.jpg\" class=\"attachment-medium size-medium\" alt=\"\" srcset=\"https:\/\/proni.hr\/old.proni.hr\/wp-content\/uploads\/2015\/02\/1225458068_mala_skola_019-300x225.jpg 300w, https:\/\/proni.hr\/old.proni.hr\/wp-content\/uploads\/2015\/02\/1225458068_mala_skola_019.jpg 640w\" sizes=\"(max-width: 300px) 100vw, 300px\" \/><\/a>\n\t\t\t<\/dt><\/dl><dl class='gallery-item'>\n\t\t\t<dt class='gallery-icon landscape'>\n\t\t\t\t<a rel=\"prettyPhoto[postimages]\" href='https:\/\/proni.hr\/old.proni.hr\/wp-content\/uploads\/2015\/02\/1225458068_mala_skola_020.jpg'><img loading=\"lazy\" decoding=\"async\" width=\"300\" height=\"225\" src=\"https:\/\/proni.hr\/old.proni.hr\/wp-content\/uploads\/2015\/02\/1225458068_mala_skola_020-300x225.jpg\" class=\"attachment-medium size-medium\" alt=\"\" srcset=\"https:\/\/proni.hr\/old.proni.hr\/wp-content\/uploads\/2015\/02\/1225458068_mala_skola_020-300x225.jpg 300w, https:\/\/proni.hr\/old.proni.hr\/wp-content\/uploads\/2015\/02\/1225458068_mala_skola_020.jpg 640w\" sizes=\"(max-width: 300px) 100vw, 300px\" \/><\/a>\n\t\t\t<\/dt><\/dl><br style=\"clear: both\" \/><dl class='gallery-item'>\n\t\t\t<dt class='gallery-icon landscape'>\n\t\t\t\t<a rel=\"prettyPhoto[postimages]\" href='https:\/\/proni.hr\/old.proni.hr\/wp-content\/uploads\/2015\/02\/1225458068_mala_skola_021.jpg'><img loading=\"lazy\" decoding=\"async\" width=\"300\" height=\"225\" src=\"https:\/\/proni.hr\/old.proni.hr\/wp-content\/uploads\/2015\/02\/1225458068_mala_skola_021-300x225.jpg\" class=\"attachment-medium size-medium\" alt=\"\" srcset=\"https:\/\/proni.hr\/old.proni.hr\/wp-content\/uploads\/2015\/02\/1225458068_mala_skola_021-300x225.jpg 300w, https:\/\/proni.hr\/old.proni.hr\/wp-content\/uploads\/2015\/02\/1225458068_mala_skola_021.jpg 640w\" sizes=\"(max-width: 300px) 100vw, 300px\" \/><\/a>\n\t\t\t<\/dt><\/dl><dl class='gallery-item'>\n\t\t\t<dt class='gallery-icon landscape'>\n\t\t\t\t<a rel=\"prettyPhoto[postimages]\" href='https:\/\/proni.hr\/old.proni.hr\/wp-content\/uploads\/2015\/02\/1225458069_mala_skola_022.jpg'><img loading=\"lazy\" decoding=\"async\" width=\"300\" height=\"225\" src=\"https:\/\/proni.hr\/old.proni.hr\/wp-content\/uploads\/2015\/02\/1225458069_mala_skola_022-300x225.jpg\" class=\"attachment-medium size-medium\" alt=\"\" srcset=\"https:\/\/proni.hr\/old.proni.hr\/wp-content\/uploads\/2015\/02\/1225458069_mala_skola_022-300x225.jpg 300w, https:\/\/proni.hr\/old.proni.hr\/wp-content\/uploads\/2015\/02\/1225458069_mala_skola_022.jpg 640w\" sizes=\"(max-width: 300px) 100vw, 300px\" \/><\/a>\n\t\t\t<\/dt><\/dl><dl class='gallery-item'>\n\t\t\t<dt class='gallery-icon landscape'>\n\t\t\t\t<a rel=\"prettyPhoto[postimages]\" href='https:\/\/proni.hr\/old.proni.hr\/wp-content\/uploads\/2015\/02\/1225458069_mala_skola_023.jpg'><img loading=\"lazy\" decoding=\"async\" width=\"300\" height=\"225\" src=\"https:\/\/proni.hr\/old.proni.hr\/wp-content\/uploads\/2015\/02\/1225458069_mala_skola_023-300x225.jpg\" class=\"attachment-medium size-medium\" alt=\"\" srcset=\"https:\/\/proni.hr\/old.proni.hr\/wp-content\/uploads\/2015\/02\/1225458069_mala_skola_023-300x225.jpg 300w, https:\/\/proni.hr\/old.proni.hr\/wp-content\/uploads\/2015\/02\/1225458069_mala_skola_023.jpg 640w\" sizes=\"(max-width: 300px) 100vw, 300px\" \/><\/a>\n\t\t\t<\/dt><\/dl><br style=\"clear: both\" \/><dl class='gallery-item'>\n\t\t\t<dt class='gallery-icon landscape'>\n\t\t\t\t<a rel=\"prettyPhoto[postimages]\" href='https:\/\/proni.hr\/old.proni.hr\/wp-content\/uploads\/2015\/02\/1225458069_mala_skola_024.jpg'><img loading=\"lazy\" decoding=\"async\" width=\"300\" height=\"225\" src=\"https:\/\/proni.hr\/old.proni.hr\/wp-content\/uploads\/2015\/02\/1225458069_mala_skola_024-300x225.jpg\" class=\"attachment-medium size-medium\" alt=\"\" srcset=\"https:\/\/proni.hr\/old.proni.hr\/wp-content\/uploads\/2015\/02\/1225458069_mala_skola_024-300x225.jpg 300w, https:\/\/proni.hr\/old.proni.hr\/wp-content\/uploads\/2015\/02\/1225458069_mala_skola_024.jpg 640w\" sizes=\"(max-width: 300px) 100vw, 300px\" \/><\/a>\n\t\t\t<\/dt><\/dl><dl class='gallery-item'>\n\t\t\t<dt class='gallery-icon landscape'>\n\t\t\t\t<a rel=\"prettyPhoto[postimages]\" href='https:\/\/proni.hr\/old.proni.hr\/wp-content\/uploads\/2015\/02\/1225458070_mala_skola_025.jpg'><img loading=\"lazy\" decoding=\"async\" width=\"300\" height=\"225\" src=\"https:\/\/proni.hr\/old.proni.hr\/wp-content\/uploads\/2015\/02\/1225458070_mala_skola_025-300x225.jpg\" class=\"attachment-medium size-medium\" alt=\"\" srcset=\"https:\/\/proni.hr\/old.proni.hr\/wp-content\/uploads\/2015\/02\/1225458070_mala_skola_025-300x225.jpg 300w, https:\/\/proni.hr\/old.proni.hr\/wp-content\/uploads\/2015\/02\/1225458070_mala_skola_025.jpg 640w\" sizes=\"(max-width: 300px) 100vw, 300px\" \/><\/a>\n\t\t\t<\/dt><\/dl><dl class='gallery-item'>\n\t\t\t<dt class='gallery-icon landscape'>\n\t\t\t\t<a rel=\"prettyPhoto[postimages]\" href='https:\/\/proni.hr\/old.proni.hr\/wp-content\/uploads\/2015\/02\/1225458070_mala_skola_026.jpg'><img loading=\"lazy\" decoding=\"async\" width=\"300\" height=\"225\" src=\"https:\/\/proni.hr\/old.proni.hr\/wp-content\/uploads\/2015\/02\/1225458070_mala_skola_026-300x225.jpg\" class=\"attachment-medium size-medium\" alt=\"\" srcset=\"https:\/\/proni.hr\/old.proni.hr\/wp-content\/uploads\/2015\/02\/1225458070_mala_skola_026-300x225.jpg 300w, https:\/\/proni.hr\/old.proni.hr\/wp-content\/uploads\/2015\/02\/1225458070_mala_skola_026.jpg 640w\" sizes=\"(max-width: 300px) 100vw, 300px\" \/><\/a>\n\t\t\t<\/dt><\/dl><br style=\"clear: both\" \/><dl class='gallery-item'>\n\t\t\t<dt class='gallery-icon landscape'>\n\t\t\t\t<a rel=\"prettyPhoto[postimages]\" href='https:\/\/proni.hr\/old.proni.hr\/wp-content\/uploads\/2015\/02\/1225458070_mala_skola_027.jpg'><img loading=\"lazy\" decoding=\"async\" width=\"300\" height=\"225\" src=\"https:\/\/proni.hr\/old.proni.hr\/wp-content\/uploads\/2015\/02\/1225458070_mala_skola_027-300x225.jpg\" class=\"attachment-medium size-medium\" alt=\"\" srcset=\"https:\/\/proni.hr\/old.proni.hr\/wp-content\/uploads\/2015\/02\/1225458070_mala_skola_027-300x225.jpg 300w, https:\/\/proni.hr\/old.proni.hr\/wp-content\/uploads\/2015\/02\/1225458070_mala_skola_027.jpg 640w\" sizes=\"(max-width: 300px) 100vw, 300px\" \/><\/a>\n\t\t\t<\/dt><\/dl><dl class='gallery-item'>\n\t\t\t<dt class='gallery-icon portrait'>\n\t\t\t\t<a rel=\"prettyPhoto[postimages]\" href='https:\/\/proni.hr\/old.proni.hr\/wp-content\/uploads\/2015\/02\/1225458065_mala_skola_009.jpg'><img loading=\"lazy\" decoding=\"async\" width=\"225\" height=\"300\" src=\"https:\/\/proni.hr\/old.proni.hr\/wp-content\/uploads\/2015\/02\/1225458065_mala_skola_009-225x300.jpg\" class=\"attachment-medium size-medium\" alt=\"\" srcset=\"https:\/\/proni.hr\/old.proni.hr\/wp-content\/uploads\/2015\/02\/1225458065_mala_skola_009-225x300.jpg 225w, https:\/\/proni.hr\/old.proni.hr\/wp-content\/uploads\/2015\/02\/1225458065_mala_skola_009.jpg 480w\" sizes=\"(max-width: 225px) 100vw, 225px\" \/><\/a>\n\t\t\t<\/dt><\/dl><dl class='gallery-item'>\n\t\t\t<dt class='gallery-icon portrait'>\n\t\t\t\t<a rel=\"prettyPhoto[postimages]\" href='https:\/\/proni.hr\/old.proni.hr\/wp-content\/uploads\/2015\/02\/1225458065_mala_skola_011.jpg'><img loading=\"lazy\" decoding=\"async\" width=\"225\" height=\"300\" src=\"https:\/\/proni.hr\/old.proni.hr\/wp-content\/uploads\/2015\/02\/1225458065_mala_skola_011-225x300.jpg\" class=\"attachment-medium size-medium\" alt=\"\" srcset=\"https:\/\/proni.hr\/old.proni.hr\/wp-content\/uploads\/2015\/02\/1225458065_mala_skola_011-225x300.jpg 225w, https:\/\/proni.hr\/old.proni.hr\/wp-content\/uploads\/2015\/02\/1225458065_mala_skola_011.jpg 480w\" sizes=\"(max-width: 225px) 100vw, 225px\" \/><\/a>\n\t\t\t<\/dt><\/dl><br style=\"clear: both\" \/>\n\t\t<\/div>\n\n","protected":false},"excerpt":{"rendered":"","protected":false},"author":5,"featured_media":0,"parent":0,"menu_order":0,"comment_status":"closed","ping_status":"open","template":"","meta":{"footnotes":""},"_links":{"self":[{"href":"https:\/\/proni.hr\/old.proni.hr\/wp-json\/wp\/v2\/pages\/1498"}],"collection":[{"href":"https:\/\/proni.hr\/old.proni.hr\/wp-json\/wp\/v2\/pages"}],"about":[{"href":"https:\/\/proni.hr\/old.proni.hr\/wp-json\/wp\/v2\/types\/page"}],"author":[{"embeddable":true,"href":"https:\/\/proni.hr\/old.proni.hr\/wp-json\/wp\/v2\/users\/5"}],"replies":[{"embeddable":true,"href":"https:\/\/proni.hr\/old.proni.hr\/wp-json\/wp\/v2\/comments?post=1498"}],"version-history":[{"count":0,"href":"https:\/\/proni.hr\/old.proni.hr\/wp-json\/wp\/v2\/pages\/1498\/revisions"}],"wp:attachment":[{"href":"https:\/\/proni.hr\/old.proni.hr\/wp-json\/wp\/v2\/media?parent=1498"}],"curies":[{"name":"wp","href":"https:\/\/api.w.org\/{rel}","templated":true}]}}