{"id":21,"date":"2014-12-17T20:12:48","date_gmt":"2014-12-17T20:12:48","guid":{"rendered":"http:\/\/proni.hr\/?page_id=21"},"modified":"2015-04-23T12:22:58","modified_gmt":"2015-04-23T12:22:58","slug":"linkovi","status":"publish","type":"page","link":"https:\/\/proni.hr\/old.proni.hr\/linkovi\/","title":{"rendered":"Linkovi"},"content":{"rendered":"Ovdje mo\u017eete prona\u0107i linkove na stranice na\u0161ih donatora, prijatelja, istomi\u0161ljenika,&#8230;<br \/>\nIz donjeg popisa izaberite neku od na\u0161ih weblink tema, a zatim izaberite URL za posjetu.<div class=\"fusion-sep-clear\"><\/div><div class=\"fusion-separator fusion-full-width-sep sep-none\" style=\"border-color:#e0dede;margin-top:30px;\"><\/div><div class=\"fusion-one-third one_third fusion-layout-column fusion-column spacing-yes\"><div class=\"fusion-column-wrapper\"><div class=\"accordian fusion-accordian\"><div class=\"panel-group\" id=\"accordion-1\"><div class=\"fusion-panel panel-default\"><div class=\"panel-heading\"><h4 class=\"panel-title toggle\"><a data-toggle=\"collapse\" data-parent=\"#accordion-1\" data-target=\"#8e74e7178ec1f94c8\" href=\"#8e74e7178ec1f94c8\"><i class=\"fa-fusion-box\"><\/i>Na\u0161i donatori<\/a><\/h4><\/div><div id=\"8e74e7178ec1f94c8\" class=\"panel-collapse collapse \"><div class=\"panel-body toggle-content\"><a href=\"http:\/\/www.gmfus.org\/http:\/\/\" target=\"_blank\">The German Marshall Fund of United States<\/a><br \/>\nDonatori projekta &#8220;Prijeko-Preko&#8221;<\/p>\n<p><a href=\"http:\/\/www.mfin.hr\/str\/1\/\" target=\"_blank\">Ministarstvo financija (CARDS 2004-LPZ faza 2)<\/a><br \/>\nSredstvima EU preko na\u0161eg Ministarstva financija pru\u017eena je financijska potpora projektu &#8220;Ricochet&#8221;<\/p>\n<p><a href=\"http:\/\/www.mvep.hr\/\" target=\"_blank\">Ministarstvo vanjskih poslova i europskih integracija<\/a><br \/>\nOmogu\u0107ili su nastavak projekta &#8220;Europa po\u010dinje s nama&#8221;<\/p>\n<p><a href=\"http:\/\/www.mspm.hr\/\" target=\"_blank\">Ministarstvo socijalne politike i mladih<\/a><br \/>\nFinancijska potpora regionalnom Info centru za mlade, Osijek i projekat &#8220;Bazom do suradnje&#8221; koji se provodi na podru\u010dju grada Siska<\/p>\n<p><a href=\"http:\/\/zaklada.civilnodrustvo.hr\/frontpagehttp:\/\/\" target=\"_blank\">Nacionalna zaklada za razvoj civilnog dru\u0161tva<\/a><br \/>\nOmogu\u0107ili su nam instucionalnu potporu i financiraju program za razvoj civilnog dru\u0161tva &#8220;\u0160alter&#8221;<\/div><\/div><\/div><\/div><\/div><\/div><\/div><div class=\"fusion-one-third one_third fusion-layout-column fusion-column spacing-yes\"><div class=\"fusion-column-wrapper\"><div class=\"accordian fusion-accordian\"><div class=\"panel-group\" id=\"accordion-2\"><div class=\"fusion-panel panel-default\"><div class=\"panel-heading\"><h4 class=\"panel-title toggle\"><a data-toggle=\"collapse\" data-parent=\"#accordion-2\" data-target=\"#7cfb08d59fa69165b\" href=\"#7cfb08d59fa69165b\"><i class=\"fa-fusion-box\"><\/i>Partneri u provedbi projekata<\/a><\/h4><\/div><div id=\"7cfb08d59fa69165b\" class=\"panel-collapse collapse \"><div class=\"panel-body toggle-content\"><a href=\"http:\/\/www.pomakonline.com\/\" target=\"_blank\">SLAP &#8211; udruga za kreativni razvoj<\/a><br \/>\nNa\u0161i dragi partneri u projektu &#8220;YES&#8221; &#8211; Youth employment support programe<\/p>\n<p><a href=\"http:\/\/www.pgdi.hr\/\" target=\"_blank\">Projekt gra\u0111anske demokratske inicijative, Beli Manastir<\/a><br \/>\nZajedno radimo na projektu &#8220;\u0160alter&#8221;<\/p>\n<p><a href=\"http:\/\/vcos.hr\/\" target=\"_blank\">Volonterski centar Osijek<\/a><br \/>\nPrijatelji i partneri u projektu &#8220;\u0160alter&#8221;<\/p>\n<p>Lokalna ekonomska razvojna agencija, Vinkovci<br \/>\nZajedno radimo na projektu &#8220;Ricochet&#8221;<\/p>\n<p><a href=\"http:\/\/www.hok.hr\/\" target=\"_blank\">Obrtni\u010dka komora Vukovarsko-srijemske \u017eupanije\u00a0<\/a><br \/>\nPartneri u provedbi &#8220;Ricochet&#8221; projekta<\/p>\n<p><a href=\"http:\/\/www.tehnicko-uciliste-vk.hr\/\" target=\"_blank\">Tehni\u010dko u\u010dili\u0161te Vinkovci\u00a0<\/a><br \/>\nZajedno radimo na projektu &#8220;Ricochet&#8221;<\/p>\n<p><a href=\"http:\/\/www.hzz.hr\/\" target=\"_blank\">Hrvatski zavod za zapo\u0161ljavanje<\/a><br \/>\nUredi Hrvatskog zavoda za zapo\u0161ljavanje u Vukovaru i Vinkovcima su na\u0161i partneri u provedbi projekta &#8220;Ricochet&#8221;<\/p>\n<p><a href=\"http:\/\/www.vimio.hr\/\" target=\"_blank\">VIMIO<\/a><br \/>\nVukovaski institut za mirovna istra\u017eivanja i obrazovanje<\/div><\/div><\/div><\/div><\/div><\/div><\/div><div class=\"fusion-one-third one_third fusion-layout-column fusion-column last spacing-yes\"><div class=\"fusion-column-wrapper\"><div class=\"accordian fusion-accordian\"><div class=\"panel-group\" id=\"accordion-3\"><div class=\"fusion-panel panel-default\"><div class=\"panel-heading\"><h4 class=\"panel-title toggle\"><a data-toggle=\"collapse\" data-parent=\"#accordion-3\" data-target=\"#bbc47f5d12a704a6d\" href=\"#bbc47f5d12a704a6d\"><i class=\"fa-fusion-box\"><\/i>Javne institucije<\/a><\/h4><\/div><div id=\"bbc47f5d12a704a6d\" class=\"panel-collapse collapse \"><div class=\"panel-body toggle-content\"><a href=\"http:\/\/www.osijek.hr\/\" target=\"_blank\">Grad Osijek<\/a><br \/>\nStranice grada Osijeka<\/div><\/div><\/div><\/div><\/div><\/div><\/div><div class=\"fusion-clearfix\"><\/div>\n","protected":false},"excerpt":{"rendered":"","protected":false},"author":5,"featured_media":0,"parent":0,"menu_order":0,"comment_status":"open","ping_status":"open","template":"","meta":{"footnotes":""},"_links":{"self":[{"href":"https:\/\/proni.hr\/old.proni.hr\/wp-json\/wp\/v2\/pages\/21"}],"collection":[{"href":"https:\/\/proni.hr\/old.proni.hr\/wp-json\/wp\/v2\/pages"}],"about":[{"href":"https:\/\/proni.hr\/old.proni.hr\/wp-json\/wp\/v2\/types\/page"}],"author":[{"embeddable":true,"href":"https:\/\/proni.hr\/old.proni.hr\/wp-json\/wp\/v2\/users\/5"}],"replies":[{"embeddable":true,"href":"https:\/\/proni.hr\/old.proni.hr\/wp-json\/wp\/v2\/comments?post=21"}],"version-history":[{"count":0,"href":"https:\/\/proni.hr\/old.proni.hr\/wp-json\/wp\/v2\/pages\/21\/revisions"}],"wp:attachment":[{"href":"https:\/\/proni.hr\/old.proni.hr\/wp-json\/wp\/v2\/media?parent=21"}],"curies":[{"name":"wp","href":"https:\/\/api.w.org\/{rel}","templated":true}]}}

Ovdje možete pronaći linkove na stranice naših donatora, prijatelja, istomišljenika,&#8230;<br />
Iz donjeg popisa izaberite neku od naših weblink tema, a zatim izaberite URL za posjetu.<div class="fusion-sep-clear"></div><div class="fusion-separator fusion-full-width-sep sep-none" style="border-color:#e0dede;margin-top:30px;"></div><div class="fusion-one-third one_third fusion-layout-column fusion-column spacing-yes"><div class="fusion-column-wrapper"><div class="accordian fusion-accordian"><div class="panel-group" id="accordion-1"><div class="fusion-panel panel-default"><div class="panel-heading"><h4 class="panel-title toggle"><a data-toggle="collapse" data-parent="#accordion-1" data-target="#8e74e7178ec1f94c8" href="#8e74e7178ec1f94c8"><i class="fa-fusion-box"></i>Naši donatori</a></h4></div><div id="8e74e7178ec1f94c8" class="panel-collapse collapse "><div class="panel-body toggle-content"><a href="http://www.gmfus.org/http://" target="_blank">The German Marshall Fund of United States</a><br />
Donatori projekta &#8220;Prijeko-Preko&#8221;</p>
<p><a href="http://www.mfin.hr/str/1/" target="_blank">Ministarstvo financija (CARDS 2004-LPZ faza 2)</a><br />
Sredstvima EU preko našeg Ministarstva financija pružena je financijska potpora projektu &#8220;Ricochet&#8221;</p>
<p><a href="http://www.mvep.hr/" target="_blank">Ministarstvo vanjskih poslova i europskih integracija</a><br />
Omogućili su nastavak projekta &#8220;Europa počinje s nama&#8221;</p>
<p><a href="http://www.mspm.hr/" target="_blank">Ministarstvo socijalne politike i mladih</a><br />
Financijska potpora regionalnom Info centru za mlade, Osijek i projekat &#8220;Bazom do suradnje&#8221; koji se provodi na području grada Siska</p>
<p><a href="http://zaklada.civilnodrustvo.hr/frontpagehttp://" target="_blank">Nacionalna zaklada za razvoj civilnog društva</a><br />
Omogućili su nam instucionalnu potporu i financiraju program za razvoj civilnog društva &#8220;Šalter&#8221;</div></div></div></div></div></div></div><div class="fusion-one-third one_third fusion-layout-column fusion-column spacing-yes"><div class="fusion-column-wrapper"><div class="accordian fusion-accordian"><div class="panel-group" id="accordion-2"><div class="fusion-panel panel-default"><div class="panel-heading"><h4 class="panel-title toggle"><a data-toggle="collapse" data-parent="#accordion-2" data-target="#7cfb08d59fa69165b" href="#7cfb08d59fa69165b"><i class="fa-fusion-box"></i>Partneri u provedbi projekata</a></h4></div><div id="7cfb08d59fa69165b" class="panel-collapse collapse "><div class="panel-body toggle-content"><a href="http://www.pomakonline.com/" target="_blank">SLAP &#8211; udruga za kreativni razvoj</a><br />
Naši dragi partneri u projektu &#8220;YES&#8221; &#8211; Youth employment support programe</p>
<p><a href="http://www.pgdi.hr/" target="_blank">Projekt građanske demokratske inicijative, Beli Manastir</a><br />
Zajedno radimo na projektu &#8220;Šalter&#8221;</p>
<p><a href="http://vcos.hr/" target="_blank">Volonterski centar Osijek</a><br />
Prijatelji i partneri u projektu &#8220;Šalter&#8221;</p>
<p>Lokalna ekonomska razvojna agencija, Vinkovci<br />
Zajedno radimo na projektu &#8220;Ricochet&#8221;</p>
<p><a href="http://www.hok.hr/" target="_blank">Obrtnička komora Vukovarsko-srijemske županije </a><br />
Partneri u provedbi &#8220;Ricochet&#8221; projekta</p>
<p><a href="http://www.tehnicko-uciliste-vk.hr/" target="_blank">Tehničko učilište Vinkovci </a><br />
Zajedno radimo na projektu &#8220;Ricochet&#8221;</p>
<p><a href="http://www.hzz.hr/" target="_blank">Hrvatski zavod za zapošljavanje</a><br />
Uredi Hrvatskog zavoda za zapošljavanje u Vukovaru i Vinkovcima su naši partneri u provedbi projekta &#8220;Ricochet&#8221;</p>
<p><a href="http://www.vimio.hr/" target="_blank">VIMIO</a><br />
Vukovaski institut za mirovna istraživanja i obrazovanje</div></div></div></div></div></div></div><div class="fusion-one-third one_third fusion-layout-column fusion-column last spacing-yes"><div class="fusion-column-wrapper"><div class="accordian fusion-accordian"><div class="panel-group" id="accordion-3"><div class="fusion-panel panel-default"><div class="panel-heading"><h4 class="panel-title toggle"><a data-toggle="collapse" data-parent="#accordion-3" data-target="#bbc47f5d12a704a6d" href="#bbc47f5d12a704a6d"><i class="fa-fusion-box"></i>Javne institucije</a></h4></div><div id="bbc47f5d12a704a6d" class="panel-collapse collapse "><div class="panel-body toggle-content"><a href="http://www.osijek.hr/" target="_blank">Grad Osijek</a><br />
Stranice grada Osijeka</div></div></div></div></div></div></div><div class="fusion-clearfix"></div>
